023 a composite number?
True
Is 54321961 prime?
False
Is 7481339 composite?
False
Is 368779 a prime number?
False
Is 22934627 a composite number?
False
Is 444791 prime?
True
Is 168827047 composite?
False
Is 2124119 a prime number?
False
Is 3763909 composite?
True
Is 598506715 a composite number?
True
Is 29114219 composite?
False
Is 13621598 a prime number?
False
Is 23197063 composite?
False
Is 9654481 composite?
True
Is 406646693 a composite number?
True
Is 6263491 a composite number?
True
Is 1341539 a prime number?
True
Is 3289219 a composite number?
True
Is 1399949 a composite number?
True
Is 267584521 a prime number?
True
Is 32148289 prime?
True
Is 2155886 a prime number?
False
Is 23845519 composite?
True
Is 509921 composite?
False
Is 184368953 a composite number?
True
Is 825733 a composite number?
False
Is 32744281 prime?
False
Is 32452169 composite?
True
Is 481221259 a composite number?
False
Is 2555429 a composite number?
False
Is 101138287 prime?
False
Is 434407 prime?
True
Is 143647859 a composite number?
True
Is 17286343 composite?
True
Is 3793903 a composite number?
False
Is 34141843 a prime number?
True
Is 559953673 a composite number?
True
Is 3306763 composite?
False
Is 12182123 composite?
False
Is 196817299 a prime number?
False
Is 24508579 a prime number?
True
Is 54936559 a composite number?
True
Is 5288119 a composite number?
False
Is 11872591 prime?
False
Is 5797993 prime?
True
Is 50708539 a composite number?
True
Is 1093159 a composite number?
False
Is 296519 a composite number?
False
Is 10019633 a prime number?
False
Is 124289197 a composite number?
True
Is 641423 prime?
False
Is 23763029 composite?
False
Is 16252307 a composite number?
False
Is 6024271 prime?
False
Is 4581781 a composite number?
False
Is 10594427 a composite number?
False
Is 40895089 composite?
False
Is 242486539 composite?
True
Is 17673841 composite?
False
Is 621778 prime?
False
Is 2187989 a prime number?
False
Is 40203809 prime?
True
Is 48207749 a composite number?
False
Is 612413 composite?
True
Is 399367621 a composite number?
True
Is 1580141 composite?
False
Is 217668203 composite?
True
Is 2925239 a composite number?
True
Is 192866183 composite?
True
Is 1374169 a composite number?
True
Is 110532535 composite?
True
Is 413053 composite?
False
Is 6002357 a composite number?
False
Is 15005219 prime?
True
Is 36822631 a prime number?
False
Is 46692583 prime?
False
Is 5638949 prime?
True
Is 116348131 a composite number?
False
Is 1094161 a composite number?
False
Is 36435071 composite?
False
Is 1086277 a composite number?
False
Is 361679 composite?
False
Is 21802513 prime?
True
Is 533671 composite?
False
Is 233368001 composite?
True
Is 144317 a composite number?
True
Is 5007371 a prime number?
False
Is 3942587 a composite number?
True
Is 19022873 composite?
True
Is 2876717 a prime number?
True
Is 3483839 a prime number?
True
Is 16999189 composite?
True
Is 90158993 a prime number?
True
Is 1205819 prime?
True
Is 130620305 composite?
True
Is 1343101 a prime number?
False
Is 144699677 prime?
True
Is 43464817 a prime number?
False
Is 109254061 prime?
False
Is 1291313 a composite number?
False
Is 13705017 a prime number?
False
Is 1751509 prime?
False
Is 102395773 a composite number?
False
Is 384767 a composite number?
True
Is 15511051 a composite number?
False
Is 1393237717 a composite number?
True
Is 4650311 a composite number?
False
Is 11932771 a composite number?
False
Is 55563269 a composite number?
False
Is 84589 a prime number?
True
Is 365411 a composite number?
False
Is 5960667 a prime number?
False
Is 14786381 a prime number?
True
Is 117220567 a prime number?
True
Is 35607577 a prime number?
False
Is 82974013 a composite number?
True
Is 7091813 a composite number?
False
Is 97569613 a prime number?
False
Is 329909007 a prime number?
False
Is 6757759 composite?
False
Is 153869 a composite number?
True
Is 11073389 a composite number?
True
Is 1824863 a prime number?
False
Is 20104307 composite?
False
Is 12428191 a composite number?
False
Is 7190783 prime?
True
Is 22722299 composite?
False
Is 180629863 prime?
True
Is 1442369 a composite number?
True
Is 41484461 composite?
True
Is 58161331 a prime number?
True
Is 11568077 a composite number?
False
Is 561336977 a composite number?
False
Is 518045287 prime?
False
Is 226527421 a composite number?
True
Is 277504295 composite?
True
Is 52464929 a composite number?
True
Is 375523 a prime number?
True
Is 89087041 a prime number?
True
Is 1919527 prime?
False
Is 51699781 a prime number?
False
Is 10015007 prime?
False
Is 12873517 a composite number?
False
Is 85977401 a composite number?
True
Is 4567481 a composite number?
False
Is 53511506 a prime number?
False
Is 1030737 a composite number?
True
Is 71396551 composite?
True
Is 1721309 a prime number?
False
Is 1771741 composite?
False
Is 158129637 a prime number?
False
Is 1430237 a composite number?
False
Is 3948653 prime?
True
Is 28032793 prime?
True
Is 18811391 prime?
True
Is 763643 composite?
True
Is 2253439 a composite number?
False
Is 67628789 prime?
True
Is 5897567 a composite number?
True
Is 193741 a composite number?
False
Is 23522101 a prime number?
False
Is 2410981 composite?
True
Is 966827 composite?
True
Is 65428357 a composite number?
True
Is 301694 composite?
True
Is 38666489 prime?
False
Is 5325277 a composite number?
True
Is 8700707 a prime number?
False
Is 76128581 a prime number?
False
Is 241850029 a prime number?
True
Is 1374869 a prime number?
True
Is 2819 composite?
False
Is 163394141 a prime number?
True
Is 3812069 a prime number?
False
Is 156501179 prime?
True
Is 335018327 composite?
True
Is 4695563 a prime number?
True
Is 2563221 a composite number?
True
Is 647665607 composite?
False
Is 214700401 a composite number?
False
Is 82250459 a prime number?
True
Is 774017 a composite number?
False
Is 29010661 prime?
True
Is 121998823 prime?
True
Is 12746089 composite?
False
Is 16993841 a prime number?
False
Is 3653539 a composite number?
True
Is 6495761 a prime number?
True
Is 20965577 a prime number?
True
Is 93339361 a prime number?
True
Is 265953599 prime?
False
Is 977791 a prime number?
True
Is 1675178857 a composite number?
True
Is 39063253 prime?
True
Is 202806419 composite?
True
Is 12949633 prime?
False
Is 174367 prime?
True
Is 1140091 a composite number?
False
Is 40354763 prime?
True
Is 83713931 composite?
True
Is 4674503 a prime number?
True
Is 765091 composite?
False
Is 64530247 a prime number?
False
Is 114206591 composite?
False
Is 347233169 composite?
False
Is 2430913 a prime number?
True
Is 6211123 a composite number?
True
Is 4107143 composite?
False
Is 6648995 a prime number?
False
Is 2625169 composite?
False
Is 14141579 composite?
False
Is 8383757 a prime number?
True
Is 19970633 a composite number?
False
Is 2041079 a prime number?
True
Is 94252007 prime?
True
Is 130447 a prime number?
True
Is 19675003 a composite number?
True
Is 31696219 a composite number?
True
Is 329903151 a prime number?
False
Is 73734689 a composite number?
True
Is 10980121 composite?
True
Is 9984467 composite?
True
Is 11696585 composite?
True
Is 3055567 a composite number?
False
Is 76522423 composite?
True
Is 311798959 a prime number?
False
Is 20510983 a composite number?
False
Is 14067533 prime?
True
Is 1458781 composite?
True
Is 1135056121 a prime number?
False
Is 117042407 composite?
False
Is 38773571 prime?
False
Is 358571 a prime number?
True
Is 1901461 composite?
False
Is 164232667 prime?
True
Is 20981999 composite?
False
Is 13912859 prime?
True
Is 118693369 a prime number?
True
Is 15521227 a prime number?
False
Is 31665029 a prime number?
False
Is 5551861 a prime number?
False
Is 156596611 a prime number?
False
Is 1514083 composite?
True
Is 9622117 prime?
True
Is 51665687 prime?
True
Is 80461057 a composite number?
False
Is 2354587 prime?
True
Is 1425551 a prime number?
False
Is 327041147 prime?
False
Is 1572814 a composite number?
True
Is 3312013 prime?
True
Is 131503367 prime?
False
Is 86698427 a prime number?
True
Is 19469311 prime?
True
Is 2204591 prime?
True
Is 1167611 prime?
False
Is 5619167 prime?
True
Is 21465731 composite?
True
Is 30812189 a composite number?
False
Is 23619823 a prime number?
True
Is 358335683 a prime number?
False
Is 14397245 composite?